{"id":93,"date":"2025-09-14T14:53:23","date_gmt":"2025-09-14T12:53:23","guid":{"rendered":"http:\/\/annemarieproffit.fr\/?page_id=93"},"modified":"2025-09-14T15:00:40","modified_gmt":"2025-09-14T13:00:40","slug":"decouverte-botanique-du-jardin-des-simples-du-chateau-de-caen","status":"publish","type":"page","link":"http:\/\/annemarieproffit.fr\/?page_id=93","title":{"rendered":"D\u00e9couverte botanique du Jardin des Simples du Ch\u00e2teau de Caen"},"content":{"rendered":"\n<p>A eu lieu le 10 juin 2017.<\/p>\n\n\n\n<p>D\u00e9couverte botanique du Jardin des Simples du Ch\u00e2teau de Caen en partenariat avec l&#8217;association &#8220;Esprit d&#8217;Art et Patrimoine&#8221; et Monsieur Alain Launay, pharmacien botaniste.<\/p>\n\n\n\n<p>Visite botanique comment\u00e9e suivie d&#8217;une collation au caf\u00e9 Mancel avec d\u00e9couverte d&#8217;Hildegarde de Bingen.<\/p>\n\n\n\n<figure class=\"wp-block-image size-full\"><img loading=\"lazy\" decoding=\"async\" width=\"533\" height=\"400\" src=\"http:\/\/annemarieproffit.fr\/wp-content\/uploads\/2025\/09\/jardin-des-simples.jpg\" alt=\"\" class=\"wp-image-94\" srcset=\"http:\/\/annemarieproffit.fr\/wp-content\/uploads\/2025\/09\/jardin-des-simples.jpg 533w, http:\/\/annemarieproffit.fr\/wp-content\/uploads\/2025\/09\/jardin-des-simples-300x225.jpg 300w\" sizes=\"auto, (max-width: 533px) 100vw, 533px\" \/><\/figure>\n\n\n<h1 class=\"wp-block-site-title\"><a href=\"http:\/\/annemarieproffit.fr\" target=\"_self\" rel=\"home\">Anne-Marie Proffit-Bellery<\/a><\/h1>\n\n\n<p><\/p>\n","protected":false},"excerpt":{"rendered":"<p>A eu lieu le 10 juin 2017. D\u00e9couverte botanique du Jardin des Simples du Ch\u00e2teau de Caen en partenariat avec l&#8217;association &#8220;Esprit d&#8217;Art et Patrimoine&#8221; et Monsieur Alain Launay, pharmacien botaniste. Visite botanique comment\u00e9e suivie d&#8217;une collation au caf\u00e9 Mancel avec d\u00e9couverte d&#8217;Hildegarde de Bingen.<\/p>\n","protected":false},"author":1,"featured_media":0,"parent":0,"menu_order":0,"comment_status":"closed","ping_status":"closed","template":"","meta":{"footnotes":""},"class_list":["post-93","page","type-page","status-publish","hentry"],"_links":{"self":[{"href":"http:\/\/annemarieproffit.fr\/index.php?rest_route=\/wp\/v2\/pages\/93","targetHints":{"allow":["GET"]}}],"collection":[{"href":"http:\/\/annemarieproffit.fr\/index.php?rest_route=\/wp\/v2\/pages"}],"about":[{"href":"http:\/\/annemarieproffit.fr\/index.php?rest_route=\/wp\/v2\/types\/page"}],"author":[{"embeddable":true,"href":"http:\/\/annemarieproffit.fr\/index.php?rest_route=\/wp\/v2\/users\/1"}],"replies":[{"embeddable":true,"href":"http:\/\/annemarieproffit.fr\/index.php?rest_route=%2Fwp%2Fv2%2Fcomments&post=93"}],"version-history":[{"count":3,"href":"http:\/\/annemarieproffit.fr\/index.php?rest_route=\/wp\/v2\/pages\/93\/revisions"}],"predecessor-version":[{"id":102,"href":"http:\/\/annemarieproffit.fr\/index.php?rest_route=\/wp\/v2\/pages\/93\/revisions\/102"}],"wp:attachment":[{"href":"http:\/\/annemarieproffit.fr\/index.php?rest_route=%2Fwp%2Fv2%2Fmedia&parent=93"}],"curies":[{"name":"wp","href":"https:\/\/api.w.org\/{rel}","templated":true}]}}

Découverte botanique du Jardin des Simples du Château de Caen

<p>A eu lieu le 10 juin 2017.</p>



<p>Découverte botanique du Jardin des Simples du Château de Caen en partenariat avec l&#8217;association &#8220;Esprit d&#8217;Art et Patrimoine&#8221; et Monsieur Alain Launay, pharmacien botaniste.</p>



<p>Visite botanique commentée suivie d&#8217;une collation au café Mancel avec découverte d&#8217;Hildegarde de Bingen.</p>



<figure class="wp-block-image size-full"><img loading="lazy" decoding="async" width="533" height="400" src="http://annemarieproffit.fr/wp-content/uploads/2025/09/jardin-des-simples.jpg" alt="" class="wp-image-94" srcset="http://annemarieproffit.fr/wp-content/uploads/2025/09/jardin-des-simples.jpg 533w, http://annemarieproffit.fr/wp-content/uploads/2025/09/jardin-des-simples-300x225.jpg 300w" sizes="auto, (max-width: 533px) 100vw, 533px" /></figure>


<h1 class="wp-block-site-title"><a href="http://annemarieproffit.fr" target="_self" rel="home">Anne-Marie Proffit-Bellery</a></h1>


<p></p>

<p>A eu lieu le 10 juin 2017. Découverte botanique du Jardin des Simples du Château de Caen en partenariat avec l&#8217;association &#8220;Esprit d&#8217;Art et Patrimoine&#8221; et Monsieur Alain Launay, pharmacien botaniste. Visite botanique commentée suivie d&#8217;une collation au café Mancel avec découverte d&#8217;Hildegarde de Bingen.</p>
