{"id":5,"date":"2025-06-09T12:49:21","date_gmt":"2025-06-09T10:49:21","guid":{"rendered":"http:\/\/annemarieproffit.fr\/?page_id=5"},"modified":"2025-09-14T13:14:09","modified_gmt":"2025-09-14T11:14:09","slug":"anne-marie-proffit-bellery","status":"publish","type":"page","link":"http:\/\/annemarieproffit.fr\/?page_id=5","title":{"rendered":"Anne-Marie Proffit-Bellery"},"content":{"rendered":"\n<p>En 1978, j\u2019ai obtenu mon dipl\u00f4me d\u2019\u00e9tat d\u2019infirmi\u00e8re qui m\u2019a permis d\u2019exercer en service de chirurgie \u00e0 l\u2019h\u00f4pital de Caen. M\u00e9tier passionnant, exigeant dans lequel je me suis pleinement \u00e9panouie.<\/p>\n\n\n\n<p>Quelques ann\u00e9es plus tard, il m\u2019a \u00e9t\u00e9 demand\u00e9 de prendre la responsabilit\u00e9 de ce service de 34 lits, ce que j\u2019ai assum\u00e9 avec rigueur et humanit\u00e9.<\/p>\n\n\n\n<p>Cette exp\u00e9rience m\u2019a naturellement conduite \u00e0 entreprendre les \u00e9tudes permettant d\u2019acc\u00e9der au certificat de cadre infirmier qui permet d\u2019exercer comme responsable de service ou comme enseignante en \u00e9cole d\u2019infirmi\u00e8re, renomm\u00e9e IFSI aujourd\u2019hui.<\/p>\n\n\n\n<p>C\u2019est cette derni\u00e8re voie que j\u2019ai choisie et qui m\u2019a permis de d\u00e9couvrir que j\u2019aimais enseigner, transmettre un savoir mais aussi la passion d\u2019un m\u00e9tier qui est au plus pr\u00e8s de l\u2019\u00eatre humain.<\/p>\n\n\n\n<p>Consciente que la sant\u00e9 de l\u2019homme passe avant tout par la pr\u00e9vention, je me dirigeais vers l\u2019\u00e9cole de sant\u00e9 publique de Rennes lorsque j\u2019ai rencontr\u00e9 celui qui allait devenir mon \u00e9poux.<\/p>\n\n\n\n<p>Changement de programme&nbsp;: d\u00e9part pour l\u2019Inde o\u00f9 mon mari \u00e9tait en poste et exp\u00e9rience nouvelle en bidonville avec la co-cr\u00e9ation d\u2019un secteur sanitaire pour \u00e9duquer les femmes \u00e0 l\u2019hygi\u00e8ne et \u00e0 la pr\u00e9vention de maladies.<\/p>\n\n\n\n<p>Le retour en France a \u00e9t\u00e9 ponctu\u00e9 par les naissances de mes 6 enfants&nbsp;: famille nombreuse \u00e0 aimer, \u00e9duquer, nourrir, faire grandir dans le respect des diff\u00e9rences, ouvrir au monde et aussi f\u00e9d\u00e9rer autour de la mer, ma terre natale si je puis dire.<\/p>\n\n\n\n<p>Ma vie professionnelle et familiale a toujours repos\u00e9 sur les questions du soin et du prendre soin car l\u2019un ne va pas sans l\u2019autre. La sant\u00e9 du corps d\u00e9pend de notre h\u00e9r\u00e9dit\u00e9 et de facteurs environnementaux mais elle est aussi intimement li\u00e9e \u00e0 notre psychisme, nos \u00e9motions, notre \u00e9tat de stress et notre alimentation.<\/p>\n\n\n\n<p>C\u2019est aussi \u00e0 travers mon dipl\u00f4me de m\u00e9diation familiale que j\u2019ai exp\u00e9riment\u00e9 combien l\u2019\u00e9tat \u00e9motionnel pouvait interf\u00e9rer avec notre sant\u00e9.<\/p>\n\n\n\n<p>Je cultive mon jardin&nbsp;; ce contact avec la nature est source d\u2019\u00e9merveillement et de paix m\u00eame s\u2019il entraine quelque peine physique. Il m\u2019a permis aussi de faire mienne l\u2019id\u00e9e qu\u2019avaient mes grands-parents que dame nature pourvoit \u00e0 tout si on la respecte tout en la maitrisant. Les progr\u00e8s scientifiques sont l\u00e0 aujourd\u2019hui pour expliquer les bienfaits d\u2019une nourriture saine, des plantes, des \u00e9pices\u2026<\/p>\n\n\n\n<p>J\u2019ai eu l\u2019envie d\u2019approfondir cette notion nature \u2013 sant\u00e9, percevant intuitivement qu\u2019il y avait l\u00e0 quelque cl\u00e9 du bonheur.<\/p>\n\n\n\n<p>Ayant \u00e9t\u00e9 assez malade il y a quelques ann\u00e9es, une amie m\u2019avait conseill\u00e9 de consulter un m\u00e9decin hildegardien. Pourquoi pas&nbsp;? Lorsqu\u2019il devient difficile de trouver un soulagement, l\u2019oreille se fait, avec prudence, attentive \u00e0 ce qui pourrait annoncer un mieux.<\/p>\n\n\n\n<p>Cette id\u00e9e a fait son chemin et c\u2019est ainsi que j\u2019ai d\u00e9couvert la m\u00e9decine selon Hildegarde de Bingen.<\/p>\n\n\n\n<p>Gu\u00e9rie, de nouveau pleine d&#8217;\u00e9nergie et convaincue de son extraordinaire efficacit\u00e9, je me suis form\u00e9e et suis aujourd\u2019hui conseill\u00e8re hildegardienne, afin de pouvoir, \u00e0 mon tour, proposer cette approche holistique de la sant\u00e9 ch\u00e8re \u00e0 Hildegarde de Bingen et qui repose sur une unit\u00e9 Corps-\u00c2me-Esprit.<\/p>\n\n\n\n<p>Face \u00e0 la multiplicit\u00e9 des diff\u00e9rents r\u00e9gimes alimentaires de notre modernit\u00e9, j&#8217;ai ressenti le besoin de compl\u00e9ter ma formation en suivant les excellents cours de Bio Nutrition dispens\u00e9s par Madame Brigitte Fichaux \u00e0 l&#8217;Institut Hildegardien de Rennes. Cela me permet de conna\u00eetre les donn\u00e9es actuelles de la science, d&#8217;avoir un juste recul sur des r\u00e9gimes particuliers et de pouvoir proposer des conseils les mieux adapt\u00e9s.<\/p>\n\n\n\n<div style=\"height:100px\" aria-hidden=\"true\" class=\"wp-block-spacer\"><\/div>\n\n\n\n<p><\/p>\n","protected":false},"excerpt":{"rendered":"<p>En 1978, j\u2019ai obtenu mon dipl\u00f4me d\u2019\u00e9tat d\u2019infirmi\u00e8re qui m\u2019a permis d\u2019exercer en service de chirurgie \u00e0 l\u2019h\u00f4pital de Caen. M\u00e9tier passionnant, exigeant dans lequel je me suis pleinement \u00e9panouie. Quelques ann\u00e9es plus tard, il m\u2019a \u00e9t\u00e9 demand\u00e9 de prendre la responsabilit\u00e9 de ce service de 34 lits, ce que j\u2019ai assum\u00e9 avec rigueur et [&hellip;]<\/p>\n","protected":false},"author":1,"featured_media":0,"parent":0,"menu_order":0,"comment_status":"closed","ping_status":"closed","template":"","meta":{"footnotes":""},"class_list":["post-5","page","type-page","status-publish","hentry"],"_links":{"self":[{"href":"http:\/\/annemarieproffit.fr\/index.php?rest_route=\/wp\/v2\/pages\/5","targetHints":{"allow":["GET"]}}],"collection":[{"href":"http:\/\/annemarieproffit.fr\/index.php?rest_route=\/wp\/v2\/pages"}],"about":[{"href":"http:\/\/annemarieproffit.fr\/index.php?rest_route=\/wp\/v2\/types\/page"}],"author":[{"embeddable":true,"href":"http:\/\/annemarieproffit.fr\/index.php?rest_route=\/wp\/v2\/users\/1"}],"replies":[{"embeddable":true,"href":"http:\/\/annemarieproffit.fr\/index.php?rest_route=%2Fwp%2Fv2%2Fcomments&post=5"}],"version-history":[{"count":4,"href":"http:\/\/annemarieproffit.fr\/index.php?rest_route=\/wp\/v2\/pages\/5\/revisions"}],"predecessor-version":[{"id":83,"href":"http:\/\/annemarieproffit.fr\/index.php?rest_route=\/wp\/v2\/pages\/5\/revisions\/83"}],"wp:attachment":[{"href":"http:\/\/annemarieproffit.fr\/index.php?rest_route=%2Fwp%2Fv2%2Fmedia&parent=5"}],"curies":[{"name":"wp","href":"https:\/\/api.w.org\/{rel}","templated":true}]}}