{"id":40,"date":"2025-06-09T16:06:29","date_gmt":"2025-06-09T14:06:29","guid":{"rendered":"http:\/\/annemarieproffit.fr\/?page_id=40"},"modified":"2025-06-09T16:06:30","modified_gmt":"2025-06-09T14:06:30","slug":"audiovisuel","status":"publish","type":"page","link":"http:\/\/annemarieproffit.fr\/?page_id=40","title":{"rendered":"Audiovisuel"},"content":{"rendered":"\n<div class=\"wp-block-group alignwide has-accent-background-color has-background has-global-padding is-layout-constrained wp-container-core-group-is-layout-669513ed wp-block-group-is-layout-constrained\" style=\"margin-top:0;margin-bottom:0;padding-top:var(--wp--preset--spacing--50);padding-right:var(--wp--preset--spacing--50);padding-bottom:var(--wp--preset--spacing--50);padding-left:var(--wp--preset--spacing--50)\">\n<div class=\"wp-block-columns alignwide is-layout-flex wp-container-core-columns-is-layout-1da03c2a wp-block-columns-is-layout-flex\">\n<div class=\"wp-block-column is-vertically-aligned-stretch is-layout-flow wp-block-column-is-layout-flow\" style=\"flex-basis:50%\">\n<div class=\"wp-block-group is-vertical is-content-justification-stretch is-layout-flex wp-container-core-group-is-layout-444d5ee8 wp-block-group-is-layout-flex\" style=\"min-height:100%\">\n<p class=\"has-heading-font-family has-x-large-font-size\" style=\"line-height:1.2\">Emissions Vitamine C sur RCF<\/p>\n<\/div>\n<\/div>\n\n\n\n<div class=\"wp-block-column is-vertically-aligned-center is-layout-flow wp-block-column-is-layout-flow\" style=\"flex-basis:50%\">\n<figure class=\"wp-block-embed is-type-rich is-provider-soundcloud wp-block-embed-soundcloud wp-embed-aspect-4-3 wp-has-aspect-ratio\"><div class=\"wp-block-embed__wrapper\">\n<iframe loading=\"lazy\" title=\"Emissions RCF Vitamine C Sainte Hildegarde by AM Proffit\" width=\"500\" height=\"450\" scrolling=\"no\" frameborder=\"no\" src=\"https:\/\/w.soundcloud.com\/player\/?visual=true&#038;url=https%3A%2F%2Fapi.soundcloud.com%2Fplaylists%2F759393768&#038;show_artwork=true&#038;maxheight=750&#038;maxwidth=500\"><\/iframe>\n<\/div><\/figure>\n<\/div>\n<\/div>\n<\/div>\n\n\n\n<div class=\"wp-block-group alignwide has-accent-5-background-color has-background has-global-padding is-layout-constrained wp-container-core-group-is-layout-d89aad35 wp-block-group-is-layout-constrained\" style=\"margin-top:0;margin-bottom:0;padding-top:var(--wp--preset--spacing--50);padding-right:var(--wp--preset--spacing--50);padding-bottom:var(--wp--preset--spacing--50);padding-left:var(--wp--preset--spacing--50)\">\n<div class=\"wp-block-columns alignwide is-layout-flex wp-container-core-columns-is-layout-1da03c2a wp-block-columns-is-layout-flex\">\n<div class=\"wp-block-column is-vertically-aligned-center is-layout-flow wp-block-column-is-layout-flow\" style=\"flex-basis:60%\">\n<ul class=\"wp-block-list\">\n<li><a href=\"https:\/\/www.radiopresence.com\/emissions\/foi\/temoignages\/des-cles-pour-vivre\/article\/des-cles-pour-vivre-92130\">Premi\u00e8re \u00e9mission<\/a><\/li>\n\n\n\n<li><a href=\"https:\/\/www.radiopresence.com\/emissions\/foi\/temoignages\/des-cles-pour-vivre\/article\/des-cles-pour-vivre-92159\">Deuxi\u00e8me \u00e9mission<\/a><\/li>\n\n\n\n<li><a href=\"https:\/\/www.radiopresence.com\/emissions\/foi\/temoignages\/des-cles-pour-vivre\/article\/des-cles-pour-vivre-92213\">Troisi\u00e8me \u00e9mission<\/a><\/li>\n\n\n\n<li><a href=\"https:\/\/www.radiopresence.com\/emissions\/foi\/temoignages\/des-cles-pour-vivre\/article\/des-cles-pour-vivre-92259\">Quatri\u00e8me \u00e9mission<\/a><\/li>\n\n\n\n<li><a href=\"https:\/\/www.radiopresence.com\/emissions\/foi\/temoignages\/des-cles-pour-vivre\/article\/des-cles-pour-vivre-92299\">Cinqui\u00e8me \u00e9mission<\/a><\/li>\n<\/ul>\n<\/div>\n\n\n\n<div class=\"wp-block-column is-layout-flow wp-block-column-is-layout-flow\" style=\"flex-basis:40%\">\n<h2 class=\"wp-block-heading\">Emissions Des cl\u00e9s pour vivre sur Radio Pr\u00e9sence<\/h2>\n<\/div>\n<\/div>\n<\/div>\n\n\n\n<div class=\"wp-block-group alignfull has-global-padding is-layout-constrained wp-container-core-group-is-layout-d89aad35 wp-block-group-is-layout-constrained\" style=\"margin-top:0;margin-bottom:0;padding-top:var(--wp--preset--spacing--50);padding-right:var(--wp--preset--spacing--50);padding-bottom:var(--wp--preset--spacing--50);padding-left:var(--wp--preset--spacing--50)\">\n<div class=\"wp-block-columns alignwide are-vertically-aligned-center is-layout-flex wp-container-core-columns-is-layout-47c06fe3 wp-block-columns-is-layout-flex\">\n<div class=\"wp-block-column is-vertically-aligned-center is-layout-flow wp-block-column-is-layout-flow\" style=\"flex-basis:50%\">\n<h2 class=\"wp-block-heading\">Film p\u00e9lerinage Bingen<\/h2>\n<\/div>\n\n\n\n<div class=\"wp-block-column is-vertically-aligned-center is-layout-flow wp-block-column-is-layout-flow\" style=\"flex-basis:50%\">\n<figure class=\"wp-block-embed is-type-video is-provider-youtube wp-block-embed-youtube wp-embed-aspect-16-9 wp-has-aspect-ratio\"><div class=\"wp-block-embed__wrapper\">\n<iframe loading=\"lazy\" title=\"SUR LES PAS DE SAINTE HILDEGARDE\" width=\"500\" height=\"281\" src=\"https:\/\/www.youtube.com\/embed\/ib06fHqOI_w?feature=oembed\" frameborder=\"0\" allow=\"accelerometer; autoplay; clipboard-write; encrypted-media; gyroscope; picture-in-picture; web-share\" referrerpolicy=\"strict-origin-when-cross-origin\" allowfullscreen><\/iframe>\n<\/div><\/figure>\n<\/div>\n<\/div>\n<\/div>\n","protected":false},"excerpt":{"rendered":"<p>Emissions Vitamine C sur RCF Emissions Des cl\u00e9s pour vivre sur Radio Pr\u00e9sence Film p\u00e9lerinage Bingen<\/p>\n","protected":false},"author":1,"featured_media":0,"parent":0,"menu_order":0,"comment_status":"closed","ping_status":"closed","template":"","meta":{"footnotes":""},"class_list":["post-40","page","type-page","status-publish","hentry"],"_links":{"self":[{"href":"http:\/\/annemarieproffit.fr\/index.php?rest_route=\/wp\/v2\/pages\/40","targetHints":{"allow":["GET"]}}],"collection":[{"href":"http:\/\/annemarieproffit.fr\/index.php?rest_route=\/wp\/v2\/pages"}],"about":[{"href":"http:\/\/annemarieproffit.fr\/index.php?rest_route=\/wp\/v2\/types\/page"}],"author":[{"embeddable":true,"href":"http:\/\/annemarieproffit.fr\/index.php?rest_route=\/wp\/v2\/users\/1"}],"replies":[{"embeddable":true,"href":"http:\/\/annemarieproffit.fr\/index.php?rest_route=%2Fwp%2Fv2%2Fcomments&post=40"}],"version-history":[{"count":1,"href":"http:\/\/annemarieproffit.fr\/index.php?rest_route=\/wp\/v2\/pages\/40\/revisions"}],"predecessor-version":[{"id":41,"href":"http:\/\/annemarieproffit.fr\/index.php?rest_route=\/wp\/v2\/pages\/40\/revisions\/41"}],"wp:attachment":[{"href":"http:\/\/annemarieproffit.fr\/index.php?rest_route=%2Fwp%2Fv2%2Fmedia&parent=40"}],"curies":[{"name":"wp","href":"https:\/\/api.w.org\/{rel}","templated":true}]}}

<div class="wp-block-group alignwide has-accent-background-color has-background has-global-padding is-layout-constrained wp-container-core-group-is-layout-669513ed wp-block-group-is-layout-constrained" style="margin-top:0;margin-bottom:0;padding-top:var(--wp--preset--spacing--50);padding-right:var(--wp--preset--spacing--50);padding-bottom:var(--wp--preset--spacing--50);padding-left:var(--wp--preset--spacing--50)">
<div class="wp-block-columns alignwide is-layout-flex wp-container-core-columns-is-layout-1da03c2a wp-block-columns-is-layout-flex">
<div class="wp-block-column is-vertically-aligned-stretch is-layout-flow wp-block-column-is-layout-flow" style="flex-basis:50%">
<div class="wp-block-group is-vertical is-content-justification-stretch is-layout-flex wp-container-core-group-is-layout-444d5ee8 wp-block-group-is-layout-flex" style="min-height:100%">
<p class="has-heading-font-family has-x-large-font-size" style="line-height:1.2">Emissions Vitamine C sur RCF</p>
</div>
</div>



<div class="wp-block-column is-vertically-aligned-center is-layout-flow wp-block-column-is-layout-flow" style="flex-basis:50%">
<figure class="wp-block-embed is-type-rich is-provider-soundcloud wp-block-embed-soundcloud wp-embed-aspect-4-3 wp-has-aspect-ratio"><div class="wp-block-embed__wrapper">
<iframe loading="lazy" title="Emissions RCF Vitamine C Sainte Hildegarde by AM Proffit" width="500" height="450" scrolling="no" frameborder="no" src="https://w.soundcloud.com/player/?visual=true&#038;url=https%3A%2F%2Fapi.soundcloud.com%2Fplaylists%2F759393768&#038;show_artwork=true&#038;maxheight=750&#038;maxwidth=500"></iframe>
</div></figure>
</div>
</div>
</div>



<div class="wp-block-group alignwide has-accent-5-background-color has-background has-global-padding is-layout-constrained wp-container-core-group-is-layout-d89aad35 wp-block-group-is-layout-constrained" style="margin-top:0;margin-bottom:0;padding-top:var(--wp--preset--spacing--50);padding-right:var(--wp--preset--spacing--50);padding-bottom:var(--wp--preset--spacing--50);padding-left:var(--wp--preset--spacing--50)">
<div class="wp-block-columns alignwide is-layout-flex wp-container-core-columns-is-layout-1da03c2a wp-block-columns-is-layout-flex">
<div class="wp-block-column is-vertically-aligned-center is-layout-flow wp-block-column-is-layout-flow" style="flex-basis:60%">
<ul class="wp-block-list">
<li><a href="https://www.radiopresence.com/emissions/foi/temoignages/des-cles-pour-vivre/article/des-cles-pour-vivre-92130">Première émission</a></li>



<li><a href="https://www.radiopresence.com/emissions/foi/temoignages/des-cles-pour-vivre/article/des-cles-pour-vivre-92159">Deuxième émission</a></li>



<li><a href="https://www.radiopresence.com/emissions/foi/temoignages/des-cles-pour-vivre/article/des-cles-pour-vivre-92213">Troisième émission</a></li>



<li><a href="https://www.radiopresence.com/emissions/foi/temoignages/des-cles-pour-vivre/article/des-cles-pour-vivre-92259">Quatrième émission</a></li>



<li><a href="https://www.radiopresence.com/emissions/foi/temoignages/des-cles-pour-vivre/article/des-cles-pour-vivre-92299">Cinquième émission</a></li>
</ul>
</div>



<div class="wp-block-column is-layout-flow wp-block-column-is-layout-flow" style="flex-basis:40%">
<h2 class="wp-block-heading">Emissions Des clés pour vivre sur Radio Présence</h2>
</div>
</div>
</div>



<div class="wp-block-group alignfull has-global-padding is-layout-constrained wp-container-core-group-is-layout-d89aad35 wp-block-group-is-layout-constrained" style="margin-top:0;margin-bottom:0;padding-top:var(--wp--preset--spacing--50);padding-right:var(--wp--preset--spacing--50);padding-bottom:var(--wp--preset--spacing--50);padding-left:var(--wp--preset--spacing--50)">
<div class="wp-block-columns alignwide are-vertically-aligned-center is-layout-flex wp-container-core-columns-is-layout-47c06fe3 wp-block-columns-is-layout-flex">
<div class="wp-block-column is-vertically-aligned-center is-layout-flow wp-block-column-is-layout-flow" style="flex-basis:50%">
<h2 class="wp-block-heading">Film pélerinage Bingen</h2>
</div>



<div class="wp-block-column is-vertically-aligned-center is-layout-flow wp-block-column-is-layout-flow" style="flex-basis:50%">
<figure class="wp-block-embed is-type-video is-provider-youtube wp-block-embed-youtube wp-embed-aspect-16-9 wp-has-aspect-ratio"><div class="wp-block-embed__wrapper">
<iframe loading="lazy" title="SUR LES PAS DE SAINTE HILDEGARDE" width="500" height="281" src="https://www.youtube.com/embed/ib06fHqOI_w?feature=oembed" frameborder="0" allow="accelerometer; autoplay; clipboard-write; encrypted-media; gyroscope; picture-in-picture; web-share" referrerpolicy="strict-origin-when-cross-origin" allowfullscreen></iframe>
</div></figure>
</div>
</div>
</div>

<p>Emissions Vitamine C sur RCF Emissions Des clés pour vivre sur Radio Présence Film pélerinage Bingen</p>
