{"id":107,"date":"2025-09-14T15:07:31","date_gmt":"2025-09-14T13:07:31","guid":{"rendered":"http:\/\/annemarieproffit.fr\/?page_id=107"},"modified":"2025-09-14T15:07:47","modified_gmt":"2025-09-14T13:07:47","slug":"mes-diplomes","status":"publish","type":"page","link":"http:\/\/annemarieproffit.fr\/?page_id=107","title":{"rendered":"Mes dipl\u00f4mes"},"content":{"rendered":"\n<p>1978<br>D.E. Infirmi\u00e8re &#8211; Caen<\/p>\n\n\n\n<p>1984<br>Certificat cadre infirmier &#8211; Caen<\/p>\n\n\n\n<p>2009<br>D.E. m\u00e9diation familiale &#8211; IFOMENE &#8211; l&#8217;Institut Catholique de Paris<\/p>\n\n\n\n<p>2015<br>Certificat Conseill\u00e8re Hildegardienne &#8211; Institut Hildegardien St Av\u00e9<\/p>\n\n\n\n<p>2016-2017<br>Formation en bio-nutrition avec Madame Brigitte Fichaux,&nbsp; Institut Hildegardien Rennes<\/p>\n\n\n\n<p>2023<br>Formation en Apith\u00e9rapie avec monsieur le Dr Lilian Ceballos, Institut Hildegardien.<\/p>\n\n\n\n<div style=\"height:100px\" aria-hidden=\"true\" class=\"wp-block-spacer\"><\/div>\n","protected":false},"excerpt":{"rendered":"<p>1978D.E. Infirmi\u00e8re &#8211; Caen 1984Certificat cadre infirmier &#8211; Caen 2009D.E. m\u00e9diation familiale &#8211; IFOMENE &#8211; l&#8217;Institut Catholique de Paris 2015Certificat Conseill\u00e8re Hildegardienne &#8211; Institut Hildegardien St Av\u00e9 2016-2017Formation en bio-nutrition avec Madame Brigitte Fichaux,&nbsp; Institut Hildegardien Rennes 2023Formation en Apith\u00e9rapie avec monsieur le Dr Lilian Ceballos, Institut Hildegardien.<\/p>\n","protected":false},"author":1,"featured_media":0,"parent":0,"menu_order":0,"comment_status":"closed","ping_status":"closed","template":"","meta":{"footnotes":""},"class_list":["post-107","page","type-page","status-publish","hentry"],"_links":{"self":[{"href":"http:\/\/annemarieproffit.fr\/index.php?rest_route=\/wp\/v2\/pages\/107","targetHints":{"allow":["GET"]}}],"collection":[{"href":"http:\/\/annemarieproffit.fr\/index.php?rest_route=\/wp\/v2\/pages"}],"about":[{"href":"http:\/\/annemarieproffit.fr\/index.php?rest_route=\/wp\/v2\/types\/page"}],"author":[{"embeddable":true,"href":"http:\/\/annemarieproffit.fr\/index.php?rest_route=\/wp\/v2\/users\/1"}],"replies":[{"embeddable":true,"href":"http:\/\/annemarieproffit.fr\/index.php?rest_route=%2Fwp%2Fv2%2Fcomments&post=107"}],"version-history":[{"count":2,"href":"http:\/\/annemarieproffit.fr\/index.php?rest_route=\/wp\/v2\/pages\/107\/revisions"}],"predecessor-version":[{"id":109,"href":"http:\/\/annemarieproffit.fr\/index.php?rest_route=\/wp\/v2\/pages\/107\/revisions\/109"}],"wp:attachment":[{"href":"http:\/\/annemarieproffit.fr\/index.php?rest_route=%2Fwp%2Fv2%2Fmedia&parent=107"}],"curies":[{"name":"wp","href":"https:\/\/api.w.org\/{rel}","templated":true}]}}